Dec 01 10:41:58.352 INFO testing luojia65/memory_free_windows against master#8940af3cea4a9a9deabcaf843b2f8cad9a83fc61 for beta-1.31-5
Dec 01 10:41:58.352 INFO running `"docker" "create" "-v" "/mnt/big/crater/work/local/target-dirs/beta-1.31-5/worker-4/master#8940af3cea4a9a9deabcaf843b2f8cad9a83fc61:/target:rw,Z" "-v" "/mnt/big/crater/work/local/test-source/worker-4/beta-1.31-5/master#8940af3cea4a9a9deabcaf843b2f8cad9a83fc61:/source:ro,Z" "-v" "/mnt/big/crater/work/local/cargo-home:/cargo-home:ro,Z" "-v" "/mnt/big/crater/work/local/rustup-home:/rustup-home:ro,Z" "-e" "USER_ID=1000" "-e" "SOURCE_DIR=/source" "-e" "USER_ID=1000" "-e" "CMD=cargo +8940af3cea4a9a9deabcaf843b2f8cad9a83fc61-alt build --frozen" "-e" "CARGO_TARGET_DIR=/target" "-e" "CARGO_INCREMENTAL=0" "-e" "RUST_BACKTRACE=full" "-e" "RUSTFLAGS=--cap-lints=warn" "-e" "CARGO_HOME=/cargo-home" "-e" "RUSTUP_HOME=/rustup-home" "-m" "1536M" "--network" "none" "crater"`
Dec 01 10:41:58.739 INFO [stdout] 06ba04f13aa3ce0dc439cf726b62223c89786211effdce6a002ce1f17fb80202
Dec 01 10:41:58.744 INFO running `"docker" "start" "-a" "06ba04f13aa3ce0dc439cf726b62223c89786211effdce6a002ce1f17fb80202"`
Dec 01 10:41:59.190 INFO [stderr] usermod: no changes
Dec 01 10:41:59.228 INFO [stderr]    Compiling winapi v0.3.6
Dec 01 10:42:00.895 INFO [stderr]    Compiling memory_free_windows v0.1.0 (/source)
Dec 01 10:42:01.215 INFO [stderr] error[E0433]: failed to resolve: could not find `um` in `winapi`
Dec 01 10:42:01.215 INFO [stderr]  --> src/main.rs:2:17
Dec 01 10:42:01.215 INFO [stderr]   |
Dec 01 10:42:01.215 INFO [stderr] 2 |     use winapi::um::winbase::GlobalMemoryStatus;
Dec 01 10:42:01.215 INFO [stderr]   |                 ^^ could not find `um` in `winapi`
Dec 01 10:42:01.215 INFO [stderr] 
Dec 01 10:42:01.215 INFO [stderr] error[E0433]: failed to resolve: could not find `um` in `winapi`
Dec 01 10:42:01.215 INFO [stderr]  --> src/main.rs:3:17
Dec 01 10:42:01.215 INFO [stderr]   |
Dec 01 10:42:01.215 INFO [stderr] 3 |     use winapi::um::winbase::MEMORYSTATUS;
Dec 01 10:42:01.215 INFO [stderr]   |                 ^^ could not find `um` in `winapi`
Dec 01 10:42:01.215 INFO [stderr] 
Dec 01 10:42:01.407 INFO [stderr] error[E0422]: cannot find struct, variant or union type `MEMORYSTATUS` in this scope
Dec 01 10:42:01.407 INFO [stderr]  --> src/main.rs:5:31
Dec 01 10:42:01.407 INFO [stderr]   |
Dec 01 10:42:01.407 INFO [stderr] 5 |         let status = Box::new(MEMORYSTATUS {
Dec 01 10:42:01.407 INFO [stderr]   |                               ^^^^^^^^^^^^ not found in this scope
Dec 01 10:42:01.407 INFO [stderr] 
Dec 01 10:42:01.407 INFO [stderr] error[E0425]: cannot find function `GlobalMemoryStatus` in this scope
Dec 01 10:42:01.407 INFO [stderr]   --> src/main.rs:16:9
Dec 01 10:42:01.407 INFO [stderr]    |
Dec 01 10:42:01.407 INFO [stderr] 16 |         GlobalMemoryStatus(status_ptr);
Dec 01 10:42:01.407 INFO [stderr]    |         ^^^^^^^^^^^^^^^^^^ not found in this scope
Dec 01 10:42:01.407 INFO [stderr] 
Dec 01 10:42:01.407 INFO [stderr] warning: unused import: `winapi::um::winbase::GlobalMemoryStatus`
Dec 01 10:42:01.407 INFO [stderr]  --> src/main.rs:2:9
Dec 01 10:42:01.407 INFO [stderr]   |
Dec 01 10:42:01.407 INFO [stderr] 2 |     use winapi::um::winbase::GlobalMemoryStatus;
Dec 01 10:42:01.407 INFO [stderr]   |         ^^^^^^^^^^^^^^^^^^^^^^^^^^^^^^^^^^^^^^^
Dec 01 10:42:01.407 INFO [stderr]   |
Dec 01 10:42:01.407 INFO [stderr]   = note: #[warn(unused_imports)] on by default
Dec 01 10:42:01.407 INFO [stderr] 
Dec 01 10:42:01.407 INFO [stderr] warning: unused import: `winapi::um::winbase::MEMORYSTATUS`
Dec 01 10:42:01.407 INFO [stderr]  --> src/main.rs:3:9
Dec 01 10:42:01.407 INFO [stderr]   |
Dec 01 10:42:01.407 INFO [stderr] 3 |     use winapi::um::winbase::MEMORYSTATUS;
Dec 01 10:42:01.407 INFO [stderr]   |         ^^^^^^^^^^^^^^^^^^^^^^^^^^^^^^^^^
Dec 01 10:42:01.407 INFO [stderr] 
Dec 01 10:42:01.459 INFO [stderr] error[E0609]: no field `dwTotalPhys` on type `std::boxed::Box<_>`
Dec 01 10:42:01.459 INFO [stderr]   --> src/main.rs:18:17
Dec 01 10:42:01.459 INFO [stderr]    |
Dec 01 10:42:01.459 INFO [stderr] 18 |         (status.dwTotalPhys as usize, status.dwAvailPhys as usize)
Dec 01 10:42:01.459 INFO [stderr]    |                 ^^^^^^^^^^^ unknown field
Dec 01 10:42:01.459 INFO [stderr] 
Dec 01 10:42:01.487 INFO [stderr] error: aborting due to 5 previous errors
Dec 01 10:42:01.487 INFO [stderr] 
Dec 01 10:42:01.487 INFO [stderr] Some errors occurred: E0422, E0425, E0433, E0609.
Dec 01 10:42:01.487 INFO [stderr] For more information about an error, try `rustc --explain E0422`.
Dec 01 10:42:01.489 INFO [stderr] error: Could not compile `memory_free_windows`.
Dec 01 10:42:01.489 INFO [stderr] 
Dec 01 10:42:01.489 INFO [stderr] To learn more, run the command again with --verbose.
Dec 01 10:42:01.490 INFO [stderr] su: No module specific data is present
Dec 01 10:42:02.209 INFO running `"docker" "inspect" "06ba04f13aa3ce0dc439cf726b62223c89786211effdce6a002ce1f17fb80202"`
Dec 01 10:42:02.516 INFO running `"docker" "rm" "-f" "06ba04f13aa3ce0dc439cf726b62223c89786211effdce6a002ce1f17fb80202"`
Dec 01 10:42:02.662 INFO [stdout] 06ba04f13aa3ce0dc439cf726b62223c89786211effdce6a002ce1f17fb80202
